 -2*f = -1685 - 475. Suppose d - 3*y = 274, 4*y = 4*d - 8*d + f. What is the tens digit of d?
7
Suppose u + 54*b = 55*b + 46186, -4*b + 24 = 0. What is the ten thousands digit of u?
4
Let u = 52354 - 24362. What is the units digit of u?
2
Suppose 2*q = n + 48701, 3*q + 3263 = 5*n + 76332. What is the units digit of q?
8
Let g(a) = -4*a - 3. Let o be g(-2). Suppose -o*z - 8 = -3. What is the units digit of -4 - -1*65 - z?
2
What is the units digit of 21/(-7) + 16 - -8268?
1
Let s(o) = -2*o + 6. Let n be s(-5). Suppose 0*l + 5*d = -3*l - n, 5*l = 2*d - 37. Let z(h) = -h**3 - 5*h**2 - 7*h + 5. What is the tens digit of z(l)?
5
Let m(g) = g**2 - 9*g. Let o(x) = -8*x + 4. Let z(l) = 1. Let s(c) = o(c) - 2*z(c). Let d be s(1). What is the units digit of m(d)?
0
Let c = 13729 - 4223. What is the hundreds digit of c?
5
Let t = -21330 + 42604. What is the ten thousands digit of t?
2
Let i(t) = 2*t**3 - 4*t**2 - 6*t - 7. Let x(m) = m**3 + 8*m**2 + 2*m + 12. Let a be x(-8). Let l be a/(-18) + (-43)/(-9). What is the units digit of i(l)?
3
Let j(z) = z**3 + 6*z**2 + 5*z - 8. Let d be j(-4). Let p(q) be the first derivative of 12*q**2 + 19*q + 5. What is the tens digit of p(d)?
1
Let z(u) = -5*u**3 - 325*u**2 - 147*u - 102. What is the hundreds digit of z(-66)?
3
Let g = 44 + -56. Let h be (-2)/(-4) - 66/g. Suppose 8*j - 184 = h*j. What is the units digit of j?
2
Let w be 4 - (-6)/(6/7). Suppose -21 - 34 = -w*b. Suppose m = 4, -b*h + 3*m - 7*m + 86 = 0. What is the tens digit of h?
1
Suppose 5*z + 2*v + 142 = 452, 4*z - 4*v = 276. Suppose 4*w = -5*s + 80, 5*w + z = 4*s + 4*w. What is the tens digit of s?
1
Let i(d) = 6 - d**2 - 14*d**3 + d**3 - 4 - 3*d. Let y(w) = -w**2 + 4*w - 2. Let f be y(4). What is the tens digit of i(f)?
0
Suppose -14 + 0 = -7*w. What is the hundreds digit of (-2 - (3 - w))*(-85 - 4)?
2
Let l = 77640 + -32763. What is the thousands digit of l?
4
Let p = 35621 - 18178. What is the tens digit of p?
4
Let m = 3316 + -2267. What is the hundreds digit of m?
0
Let c(x) = 351*x - 418. What is the units digit of c(3)?
5
What is the tens digit of (14/11)/((-33)/(-97647))?
6
Let r(b) = -b**2 - 12*b - 13. Let p be r(-10). Suppose -12*s + p*s + 1275 = 5*j, 0 = j - 2. What is the tens digit of s?
5
What is the hundreds digit of 250910/220 - 2/(-4)?
1
Let v be ((-4)/(-5))/((-2)/395*1). Let b = 399 - v. What is the tens digit of b?
5
Suppose 2*u + 5*p - 6 = 0, 0 = -4*u + 5*p + 4 + 8. Suppose -a + 1471 = 3*b + u*a, -3*b + 5*a + 1462 = 0. What is the units digit of b?
9
What is the thousands digit of 20*(44/(-176) - 5901/(-20))?
5
What is the tens digit of (3219858/63)/2 - (31/7 + -4)?
5
Let h be 99/(-18)*(-2 - 0). Suppose h*s - 3549 = -10*s. What is the hundreds digit of s?
1
Let j(f) = -f - 97*f**2 + 101*f**2 - 26*f + 26 + 0*f. What is the tens digit of j(9)?
0
Let s(u) = 2*u**2 - u - 10. Let t be s(-4). Suppose y = 0, -3*n - t = -2*n - y. What is the tens digit of 5/((-50)/105)*n?
7
Let d = -504 - -506. Suppose 170 + 186 = d*a. What is the tens digit of a?
7
Suppose 3189952 = 4630*p - 4566*p. What is the ten thousands digit of p?
4
Let g(w) = 2*w**3 + w**2 + w. Let x be g(0). Let t(n) = n**2 - 2*n + 476. What is the tens digit of t(x)?
7
Suppose -3*s - 12*u = -7*u - 4246, 0 = -s + 4*u + 1421. What is the units digit of s?
7
Suppose -10*p = -112801 + 34151. What is the units digit of p?
5
Let i(h) be the first derivative of 2 + 4*h + 7/2*h**2 + 1/2*h**4 - 14/3*h**3. What is the tens digit of i(7)?
5
Let s be ((-3)/9)/((-2)/8682). Suppose 2*n + j = 726 + 15, -4*n + 5*j = -s. Let f = -157 + n. What is the units digit of f?
1
Let z = 50415 - -1419. What is the tens digit of z?
3
Suppose 29259 = 3*p - u, 6*p + 39011 = 10*p - u. What is the hundreds digit of p?
7
Suppose -495609 - 546472 = -22*l + 68501. What is the thousands digit of l?
0
Suppose 0 = -4*b + 312 + 240. Let k = b + 1. What is the units digit of k?
9
Let y(l) = -165*l - 10 - 43*l - 80*l. Let i be y(-4). Suppose i = 19*n - 1176. What is the tens digit of n?
2
Let p = 6 + 6. Let n(c) = 14*c**2 + 45*c + 12. Let w be n(-9). Suppose t - w = -p*t. What is the units digit of t?
7
What is the hundreds digit of 12653 + -146 + (-15 - -2)?
4
Suppose 54681 = 64*g - 53*g. What is the tens digit of g?
7
Let r(x) = -x**2 + 14*x - 39. Let c be r(9). What is the hundreds digit of 2*1503/18 - c?
1
Let o = -507 - -507. Suppose 11*d - 4865 + 421 = o. What is the units digit of d?
4
Suppose 9*p + 1 + 17 = 0. Let w be (4/4)/(((-30)/(-54))/5). What is the tens digit of p/w + 59956/234?
5
Let u = -15 - -27. Let m be -2 + 5 + u/(-4). Suppose 6*l + m*l = 240. What is the tens digit of l?
4
Let j be (-5 + 20)*34/6. What is the units digit of 9/(9/j) + 4?
9
Let c(t) = 5*t**2 + 7*t + 6. Let i be ((-3 - -3)/4)/(-1). Suppose -j - 6 = -5*b + 3, 2*j - 5*b + 13 = i. What is the tens digit of c(j)?
5
Suppose -2 = 4*j + 3*k - 1, j - 14 = 4*k. Suppose 31 = j*h - 291. What is the tens digit of h?
6
Suppose -121*n + 123*n = 37686. Suppose 0 = -55*s + n + 15092. What is the units digit of s?
7
Suppose -4*q = -3*q - 73. Suppose -41*c = -42*c + q. Suppose c = m - 25. What is the units digit of m?
8
Suppose -14*y = -13*y + 447. Let u = y - -861. What is the units digit of u?
4
Let w(v) = 1398*v**3 - 7*v**2 + 32*v - 91. What is the thousands digit of w(3)?
7
Suppose 5*u = 15, 5*u - 6*u = n - 21. Let q be 2596/6 - n/27. Suppose 2*r - 2*d = 290, 0*r - 2*d = -3*r + q. What is the hundreds digit of r?
1
What is the thousands digit of (2/(-3))/((-38)/743394)?
3
Suppose 1634*n = 1659*n - 366875. What is the units digit of n?
5
Let p = -9431 + 13826. What is the tens digit of p?
9
Let c be 843948/324 - (-2)/9. Suppose 9745 = 5*o + c. What is the units digit of o?
8
Let s(p) = p**3 - 10*p**2 + 7*p + 32. Let z be s(9). Let u = z - -79. What is the units digit of u?
3
Suppose 4*f - 154372 = -6*w, 10383 = 3*w - 3*f - 66783. What is the thousands digit of w?
5
Let o(b) = b**2 - 7*b - 2. Let m be (14/3)/(10/15). Let n be o(m). What is the tens digit of 5 + (-2)/n + 267?
7
Let a(r) = 12*r**2 + 1. Let q be a(-1). Suppose q*j = 1768 + 2704. What is the tens digit of j?
4
Suppose 4*w - 6*z = -3*z - 57, 21 = -2*w + 3*z. What is the tens digit of (127/4)/(w/(-288))?
0
Suppose 3*r = -2*k - 972, -r - 414 = 2*k + 550. Let o = -331 - k. Suppose -3*f + 658 = 2*y + o, -5 = f. What is the units digit of y?
2
Let q = 36799 - -26904. What is the ten thousands digit of q?
6
Let o be 30/(25/(-5)) + -3 + 12. Suppose 2*v + 567 - 1867 = -o*t, 4*v + 16 = 0. What is the hundreds digit of t?
4
Let g = -105 + 126. Suppose -2*r = -r - g. Let y = r - -224. What is the hundreds digit of y?
2
Suppose y = 3*s - 154531, 92*y + 257563 = 5*s + 96*y. What is the ten thousands digit of s?
5
Suppose 116*b - 37*b = -102*b + 214847. What is the hundreds digit of b?
1
Suppose -2*w + 13330 = 51*x - 56*x, -w - 5*x + 6665 = 0. What is the units digit of w?
5
Suppose 196 = 18*k - 4*k. What is the hundreds digit of -10 + (-345)/(-35) - (-13862)/k?
9
Let m = -25871 - -89493. What is the tens digit of m?
2
Suppose -73 = 4*c - 89. What is the thousands digit of ((-39)/(-8))/((-3)/c)*-254?
1
What is the thousands digit of (0 - -223)*(33924/660 + 2/(-5))?
1
What is the hundreds digit of (-4)/(-10) + 209988/5 + -32?
9
Let d = 516 - -8110. What is the thousands digit of d?
8
Suppose 3*q = 2*k - 5*k + 1749, 563 = k - 3*q. Suppose -k*v = -585*v + 2835. What is the tens digit of v?
0
Let d(w) be the first derivative of -2*w**2 + 48*w + 2. Let q be (0/((-6)/2))/(105/21). What is the units digit of d(q)?
8
Let t(l) = 1457*l + 930. What is the units digit of t(3)?
1
Let n = 1636 - -11071. What is the hundreds digit of n?
7
Let a = 33 - 35. Let k(j) = -69*j + 11. Let o be k(a). Suppose 3*q + 3*l - 407 = -l, 0 = q + 4*l - o. What is the units digit of q?
9
Let y = -2 - 25. Let h = y - -525. What is the units digit of 12/(-21) + h/14?
5
Let f(r) = 329*r + 434. Let i(q) = 22*q + 29. Let c(d) = 6*f(d) - 91*i(d). Let b = -3 - 3. What is the units digit of c(b)?
3
Let n = 14 - 40. Let z = -444 + -1770. What is the tens digit of z/n + 2/(-13)?
8
Let g = 379 + -378. What is the tens digit of (5/(35/(-21)))/(g/(-69))?
0
Let d = -7970 - -11924. What is the tens digit of d?
5
Let i be (-183)/(2 + -6 + 1). 